) + (6 - -8)?
-5
What is the value of 12 - (-2 + 8 - 10 - -12)?
4
Calculate -691 + 699 + (2 - 13) + 2.
-1
What is the value of (12 - (60 - 22)) + 11?
-15
What is 1 - -5 - (-11 + 15 + -2)?
4
14 - (-12 - -11) - 29
-14
Calculate -3 - -5 - (23 - 11).
-10
Calculate 6 + (1 - (2 - -1) - (18 + -23)).
9
Calculate 12 - (-2 - (-3 + 6 + -6 - 2)).
9
What is the value of 11 - -3 - (15 - 18)?
17
Evaluate 53 + -40 - (14 - 2).
1
(1 - (4 + -2)) + (-459 - -491)
31
What is (52 - (9 + 54)) + (2 - 28)?
-37
Calculate (10 - 22) + -31 + 57.
14
Calculate (74 - 36) + -39 - (0 + 10).
-11
-5 - (-18 + 1 - (35 + -42))
5
Evaluate (-1 - (-5 - 1)) + -10 + 11.
6
-1 - (2 - -2) - (46 - 43)
-8
What is the value of (3 + 4 - 8) + -4 - -6?
1
Evaluate (-9 - ((2 - 1) + -6)) + -7 + 1.
-10
What is the value of (16 - -9) + (111 - 104)?
32
Calculate (-9 - 9) + (-23 - -24).
-17
What is (-6 - (2 - 8)) + -5 - -4 - 4?
-5
56 + -33 + 1 + -9 - 7
8
Evaluate (453 - 473) + (2 - 4) + 2 + 6.
-14
Calculate 4 - ((5 - 3) + 2 + 8 - 3).
-5
What is (-1 - 5) + (47 - 23 - 23)?
-5
What is 2 + 14 + 2 - -5 - (17 + -9)?
15
21 - -1 - (44 + 11 + -36)
3
Calculate 5 - (4 - (10 + -4)).
7
What is the value of 25 + -1 - ((-77 - -77) + (0 - -9))?
15
-17 - 2 - (-75 + 58)
-2
What is the value of 7 + (-31 - (-45 - -20))?
1
What is (22 + -5 - 1) + -5?
11
What is 26 + -16 - (-2 + -4)?
16
Evaluate -10 - (-25 + 28 - -10).
-23
What is the value of (6 - -2) + (-56 - -59)?
11
What is the value of 63 + -64 - (-4 + 6)?
-3
What is 0 - 3 - (-145 - -146)?
-4
What is the value of 1 - -10 - (27 + (-31 - 2))?
17
What is the value of (-28 - -68 - 33) + 18?
25
-27 - (0 - 4) - -15
-8
Calculate 0 + -1 - (-470 - -480).
-11
What is (-7 - -7) + (-14 - -12) - (0 + 0)?
-2
What is 23 - ((-23 - -42) + 7)?
-3
What is 6 + (3 - (-4 + -4 + -5))?
22
(-13 - (-15 + -1 + -9)) + -3 + 0
9
What is the value of (-19 - (32 + -52)) + 4 + 2 + -1?
6
Calculate -21 - (-6 - 2 - 0 - (-26 - -15)).
-24
Calculate 10 + 2 + 6 + (-24 - -11).
5
Calculate 36 - (28 + -50 - -52).
6
What is the value of -19 - (-18 - -1 - (16 - (60 + -35)))?
-11
Calculate (17 - -7) + -7 + (5 - (-2 - -5)).
19
What is 10 - (-8 + (-14 - -5) - -11)?
16
6 + (-7 - (-3 - -10) - -7)
-1
What is -1040 + 1040 - (1 + 4 + 1)?
-6
Evaluate 28 - (-18 + (45 - 6)).
7
What is -9 + (-5 - -11) + (-15 - -3)?
-15
Calculate (4 - (15 - 3) - 3) + -10 + 14.
-7
What is 1 + 3 - (7 + -17 + 16) - 9?
-11
What is the value of 37 + -4 + (-26 - -25) + -17?
15
Calculate (2 - 2 - (3 + 1)) + -3.
-7
What is the value of 10 - (5 - -5 - 3) - (-3 - 3)?
9
What is -9 + 22 + (-9 - -8)?
12
What is the value of -535 + 543 - (3 - 1)?
6
Evaluate 0 + (1 - (8 + 0 - 5)).
-2
Calculate (-9 - (1 - (7 - 2))) + 17.
12
What is 7 + 4 + (-5 - 6) - (11 - 6)?
-5
-11 - (6 + (-5 - 16))
4
(-635 - -614) + 7 + 0 + 1
-13
Evaluate 6 + (-19 - -14) + (2 - -6) + 1.
10
What is the value of -68 + (-30 - -35) + 36?
-27
What is (-4 - (1 + -11 - -4)) + -12?
-10
What is the value of 2 + -1 + 0 + 142 + -138 - -3?
8
What is 39 + -42 + 1 + -17 - -6?
-13
4 + (3 + -7 - -2) + -26 + 21
-3
What is the value of 363 + -336 + -1 + -26?
0
Evaluate 3 - -16 - (-30 + 47).
2
Calculate (-2 - (15 - 0)) + (25 - 10) + -9.
-11
What is 2 - (35 + (-16 - (4 + -9)))?
-22
Calculate -21 + 24 - -12 - (-1 - -2).
14
(3 - (-1 + 7) - 6) + 4
-5
What is the value of -2 - (-4 - (13 - 16))?
-1
4 - (-9 + (9 - -2) - 11)
13
Evaluate 2 + -2 - (0 + 1 + -70 + 65).
4
What is the value of (30 - 6) + (-19 - -9)?
14
16 + -19 + -15 - -14
-4
What is the value of -2 + (4 - 0) - ((4 - 4) + 1)?
1
What is -3 + (-10 - -9 - (0 + -1 - 5))?
2
What is the value of 17 + (-3 - 8) - 1?
5
-58 + 29 + 5 - (-2 - -1 - 5)
-18
Evaluate 1 + 2 + 485 + -489.
-1
What is the value of -14 - (7 - 25 - -18)?
-14
Calculate 4 - (-12 + 12 + 0).
4
Evaluate 27 + -27 + 16 - (0 + -2).
18
What is the value of (15 - 34) + 47 + -11?
17
Evaluate (-52 - -43) + 1 + -1.
-9
Calculate -1 + -1 - (-1 + -5) - (7 + 2).
-5
Calculate (0 + -1 - (-26 - -21)) + -2.
2
What is 7 - (9 - 7) - 8 - 10?
-13
Evaluate (3 - -11) + (-39 + 15 - -25).
15
What is the value of (12 - 30) + 5 - -18?
5
Calculate (10 + -2 - 50) + (16 - -2).
-24
(-4 - 9) + 9 + -5 + 5
-4
What is 5 + -6 + (-1 - -4) - (3 + -3)?
2
What is 4 + 35 + -14 + -6?
19
-75 + 65 - (-17 - -1)
6
-6 - (-38 - (-14 - 3))
15
Evaluate 4 + 8 + -12 - (3 - -8 - 2).
-9
Evaluate (0 - 0) + (9 + -11 + 0 - -14).
12
(34 - 16 - 24) + -5
-11
-12 - ((-15 - -2) + 1 + -4)
4
Calculate 3 - -39 - (-106 + 143).
5
-17 + (14 - 16) - -15
-4
What is 72 + -75 + (-9 - 3)?
-15
Calculate -12 - (-2 + 22 + -20).
-12
Calculate 9 + 14 + -21 + -5.
-3
What is 6 + -8 + 8 + -5?
1
Evaluate 6 + -25 - (-1 + 12).
-30
What is 11 + -14 + (0 - (9 - (11 + -5)))?
-6
-3 + -10 + 4 + -3 + 1 + -1
-12
Evaluate 4 + -4 + 3 + (3 - (16 - 2)).
-8
Evaluate 10 - ((11 + -4 - (0 - 0)) + 1).
2
What is 226 + -221 + (-1 - -2 - (-2 - -1))?
7
Evaluate 75 + -80 - (6 - (-6 + 12 + -11)).
-16
-3 + -32 - (-15 + -1 + 9) - -10
-18
What is -3 - (-10 - (-22 + 29))?
14
(152 - 160) + (-7 - -3) + 23
11
-2 + 3 + 2 + (-4 + -23 - -19)
-5
What is 23 + (7 - 6) - (4 + 0 + 1)?
19
What is 13 - (10 - (-5 - -38))?
36
Calculate 16 - 8 - ((3 - 4) + (2 - 2)).
9
Calculate 236 + -190 - (-1 + 34).
13
What is the value of -32 - (-10 + (7 - 19))?
-10
Calculate -5 + 3 + 5 + 4 + -13 + 10.
4
What is the value of -1 + (-4 - -13) - 2?
6
Calculate 12 - 2 - (0 - 2 - (-9 - -5)).
8
What is 2 + 11 + 0 - (572 + -556)?
-3
Calculate 7 + (3 - 19 - -7) + 2 + 3.
3
What is 12 + 2 - (1 - (14 - 4 - 9))?
14
7 - 17 - (8 + (-23 - -7) + -27)
25
Calculate 6 + -14 + 10 + -7 + 17.
12
What is the value of (4 - 3) + (8 - 2)?
7
-15 + (-9 - -25) + -11
-10
What is the value of (0 + 8 - (22 - 26)) + (5 - -3)?
20
What is (-48 - -31) + 34 + -10 + 1?
8
Evaluate 1 + 2 + -2 + (-35 - (-21 + 2)).
-15
(-24 - -2) + (-1 - (8 + 7 + -17))
-21
57 - (9 - -18) - 6
24
Evaluate 0 + 11 + -7 + 0 + 8.
12
(-4 - -2) + -2 + 8 + 5 + 0
9
What is (-183 - -176) + (3 - (-4 + 2))?
-2
What is the value of (-18 - -21 - 23) + 26?
6
-6 + (2 - -1) + (80 - 85) - -25
17
Calculate (12 - (0 - 16)) + (1 - (-1 - -7)).
23
What is (17 - 6) + (-4 - 0 - (28 - 31))?
10
What is 17 - (-24 - (-6 - 10))?
25
What is -4 + (-4 - 4) - ((4 - -4) + -4)?
-16
What is (-1 - 3) + 10 + 14 + (16 - 16)?
20
What is -2 + 6 + 2 - -1 - 23?
-16
What is the value of 24 - (5 + 21 + -27)?
25
Evaluate -8 + (14 - 26 - -18).
-2
What is the value of -10 + -2 + (55 - 18 - -4 - 7)?
22
Evaluate -2 + 13 + -22 + 11 - -10.
10
What is (4 - 14) + 7 - (-11 + 1 - -9)?
-2
What is the value of 10 - ((30 - 24) + 9 + 2)?
-7
Calculate -4 - (7 - (7 - -2)) - (-3 - 7).
8
Evaluate -1 - 6 - (17 + -32).
8
Calculate (-80 - -47) + 38 + -1.
4
(8 + -8 + -11 + -3 - -9) + 4
-1
Calculate 1 + (21 - (4 + -4 + 10)) - -10.
22
What is the value of -16 - (2 + -16 - (-6 - (-4 - -4)))?
-8
Calculate (6 - -1) + (18 - 18 - 2).
5
(1 - 9 - (-27 + 26)) + 7
0
What is (-25 - (-3 + -11)) + 12 - (-9 - 0)?
10
-5 - -11 - ((19 - 2) + (-14 - -13))
-10
What is the value of 10 + (-1 - (-18 - -7) - (3 - -14))?
3
Calculate (6 + -4 - (2 - 7)) + -11 + -6.
-10
Evaluate 16 + 9 + 0 + 0 + (1509 - 1507).
27
2 - (-1 - (4 + 8 - 10))
5
Evaluate (-56 + 63 - (1 - -5)) + -24 + 4.
-19
What is (9 + -4 - (-4 - -9)) + (-6 - 5)?
-11
Calculate -2 + (8 - (1 + 1) - 0).
4
Calculate (12 - 6 - 17) + 0 + 6.
-5
What is 130 + -134 - (2 + -31)?
25
Calculate -71 + 87 + (-16 - -1).
1
Evaluate -13 + (33 - 22 - (16 + 6)).
-24
Evaluate -6 + 18 + 10 - 10.
12
Calculate -7 - (-2 + 11 - (51 - 44) - 7).
-2
-3 + (-13 - -3) - (4 + (-27 - -32))
-22
Evaluate -10 + 4 + 10 + -4 + 10.
10
Calculate 1 + 2 - ((-10 - (-8 - 10)) + 7).
-12
Calculate (-6 + 6 + -5 - -12) + 5.
12
9 + (1 - -5) + -9 - (11 - 12)
7
What is (39 + -36 - (-11 + -3)) + -27?
-10
What is -1 - (3 - -3) - (1 + -2) - -1?
-5
Calculate 0 - 13 - (58 + -60 + -22).
11
What is 14 + -15 - (9 + -9 - -7)?
-8
Evaluate ((-1 - 6) + -4 - -4) + (-107 - -125).
11
What is 507 - 490 - (7 - 0)?
10
Calculate 12 + (-7 - -4) + -33 + 13 + -7.
-18
What is the value of 4 + 9 - (5 - (3 + -3))?
8
What is the value of 16 + -9 + 13 + (2 - 2)?
20
Calculate (13 + 1 + -9 - -5) + 1 + 4.
15
(1 - (3 - 10)) + 34 + -38
4
Calculate (29 - 26 - 11) + 34.
26
Evaluate 16 - (-12 + (1 - -45 - 7)).
-11
What is 9 - 2 - ((137 - 140) + 1 + -1)?
10
-5 - (-7 - (6 + (9 - 7) - 10))
0
What is the value o